15 = 5. Let f be a/((-2 - (-48)/28)*1). What is the tens digit of f/(7/(-4)) - -123?
2
Suppose 65*h + 20062 = 72*h. What is the tens digit of h?
6
Suppose 106*z - 48*z - 66198 = 347980. What is the hundreds digit of z?
1
Let l(y) = 12617*y**3 + 14*y**2 - 15*y + 1. What is the hundreds digit of l(1)?
6
Let v(y) = -y**2 + 121*y + 329. What is the hundreds digit of v(89)?
1
Suppose -18*p + 128 = -16*p. Let u(l) = -l**3 + 6*l**2 - 7. Let d be u(6). Let j = p + d. What is the tens digit of j?
5
Suppose 460 = 4*d + d. Suppose -1136 = 23*b - 9. Let u = d + b. What is the units digit of u?
3
Suppose 0 = 18*z - 22*z + 16. Suppose 7*c = z*c. Suppose 0*h - 5*h + 730 = c. What is the tens digit of h?
4
Suppose 2*u - 2*o + 6 = 0, -4*u + 57*o - 56*o = 3. Suppose u = 85*p - 91*p + 1566. What is the tens digit of p?
6
What is the tens digit of 2/(-6) - 9*(-112)/(-378) - -22781?
7
Let d be ((2720/6)/5)/((-2)/(-6)). Let c be (-481)/(-169) - (-2)/13. Suppose -4*t + 3*r + d = 0, c*t + 2*r = -2*r + 204. What is the tens digit of t?
6
Suppose -20 = -5*c - 4*x, c + 5*x = 3*x - 2. Suppose t + 5*m = 3*t - 502, -2*m = c. What is the units digit of t?
1
Let y = -18 - -23. Suppose 0 = 4*p + 16, -y*z - 2*p - 8 = -5*p. What is the tens digit of (154/z)/(3/(-6))?
7
Suppose 5*d + 694 = 2*t, -2*t - d + 688 = -3*d. Suppose 711 = y - 4*y. Let b = t + y. What is the hundreds digit of b?
1
Let w be (156/65)/(4/10). What is the units digit of 120/50*220/w?
8
Suppose 0 = -5*s - 2*w - 14 + 68, -3*s = 4*w - 38. Suppose -5*o + 3*t + s = -2*t, -2*t = -2. Suppose o*d = 91 + 134. What is the units digit of d?
5
Let b be 3/((48/160)/((-4)/(-10))). Suppose 1027 + 289 = b*s. What is the hundreds digit of s?
3
Let p be (-6 + 6 + -1)*0. Suppose 4*q - 12 + p = 0, n - 3*q + 56 = 0. Let c = n + 105. What is the tens digit of c?
5
Let o = 565 - -10297. What is the thousands digit of o?
0
Let h = 15041 + -7698. What is the tens digit of h?
4
Let b(i) be the third derivative of 13*i**4/24 - 109*i**3/6 - 5*i**2 - 3. What is the tens digit of b(21)?
6
Suppose -56*l + 35*l + 9933 = 0. Let d = l + -175. What is the hundreds digit of d?
2
Suppose 7*n - 1799 = -55937. What is the units digit of n/(-4)*32/48?
9
Let v(n) = -n - 417. Let i be v(0). Let x = 862 + i. Let y = -238 + x. What is the tens digit of y?
0
Let c(o) be the first derivative of 34*o**3/3 - 31*o**2/2 + 125*o + 231. What is the tens digit of c(5)?
2
Suppose -3*l - 5 = -5*v, 2*v - 4*v = -2*l - 2. Suppose -g - 18 = -2*d, l = -2*g - 4 - 0. What is the units digit of d?
8
What is the units digit of (-16 - 33816/28)/((-1)/7)?
6
Suppose -5*x + 61322 = -2*h, -1411*x + h + 12268 = -1410*x. What is the hundreds digit of x?
2
Let u = -63 - -63. Suppose -h - 2*x + 295 = u, h - 4*x - 299 = -2*x. What is the units digit of h?
7
Let s = -228 - -465. Suppose 5*k - 3*k = -2*g + 98, 5*g + k = s. Let b = -18 + g. What is the tens digit of b?
2
Suppose -16 - 16 = -8*u. Suppose -3*z - 5*n = -704, -u*z + 40 = -5*n - 887. What is the hundreds digit of z?
2
Suppose 0 = 5*s - 10, 6*g + 104553 = 11*g + 4*s. What is the units digit of g?
9
Let s be 4/(3 - (-17)/(-5)). Let n be 60*s/(-45)*-12. Let d = -90 - n. What is the tens digit of d?
7
Suppose 2*h + 2*n = 7 + 3, 5*h + n = 37. Suppose -5*q = -9*q + h. Let c(b) = 11*b**3 - b - 1. What is the tens digit of c(q)?
8
Let f(u) = -413*u - 3. Let b be f(-1). Let r be (-1)/((-3)/9 + b/1212). What is the units digit of (-6)/(-9) - r/3?
8
Let a(l) = 88*l**3 - 11*l + 27. What is the thousands digit of a(4)?
5
Let o be 32/(-56)*(3 + -10). Suppose -13 = -o*f - k, -2*f - 4*k = 3*f - 8. Suppose -u + 4*r + 39 = 0, 3*u - f*r = -8*r + 101. What is the units digit of u?
5
Let c(z) = -z**2 + 5*z + 3. Let q be c(5). Let y be (1/(-1))/(q/(-30)*2). Suppose 132 = y*x + 32. What is the units digit of x?
0
Suppose 4*f + 16 = 0, -16*f + 13*f - 102880 = -4*c. What is the thousands digit of c?
5
Let w(f) = 473*f + 21. Let a be w(-2). Let s = -526 - a. What is the tens digit of s?
9
Let g(d) = -d**3 - 15*d**2 + 14*d + 10. Let n be g(-15). Let c = -53 - n. What is the hundreds digit of c?
1
What is the thousands digit of 3359 + 8 - (3 + 1 + 14/(-14))?
3
Let d = -56 - -133. Suppose -d*c + 2178 = -66*c. What is the hundreds digit of c?
1
Let y(n) = -58*n**3 + 9*n**2 + 80*n + 274. What is the tens digit of y(-5)?
4
Suppose -85*n = -28*n - 39*n - 196794. What is the hundreds digit of n?
9
Let j = 46 + -15. Suppose 34*y - 15 = j*y. Suppose -3*t - 3*i + 68 = -2*t, -5*t + 370 = y*i. What is the units digit of t?
7
Suppose -5*g = 3*n - 23597, -4*n + 64*g = 61*g - 31453. What is the thousands digit of n?
7
Let g = -548 + 947. Let u = g + -320. What is the units digit of u?
9
Suppose 2*z - 11 = -5. Suppose -z*p - 15 = -3*d, -5*p + 6 = 4*d - 2*p. Let c = d + 135. What is the tens digit of c?
3
Let n = 41 + -76. Let k = n + 30. What is the tens digit of (2 - k)/(-1*(-3)/36)?
8
Suppose 0 = -10*b + 4*b + 840. Suppose 3*i + o + b = 7*i, -3*o = 3*i - 105. Suppose -v + 0*v - i = -2*q, -q + 31 = 4*v. What is the tens digit of q?
1
Suppose -w + 2*f - 27 = 0, 7*w = 2*w - 4*f - 79. Let h(v) = 2*v**2 + 19*v + 37. What is the tens digit of h(w)?
9
Let j = -31 + 31. Suppose h - 3*h + 394 = j. What is the tens digit of h?
9
Let i be 26/(-143) - (-972)/22. Let j = i + -3. Suppose 2*t + j = s - 2*t, t + 224 = 4*s. What is the units digit of s?
7
Let c = -104 - -126. What is the tens digit of (-21239)/(-11) - ((-26)/c - -1)?
3
Suppose 5*r = -o + 339, 0*r - 3*r + 200 = 4*o. Suppose -21*p = -23*p - r. Let j = 82 - p. What is the tens digit of j?
1
Suppose -744 - 54 = 3*n. Let z = 406 + n. Suppose 0 = f + 4*o - z, 2*f + 2*f - 5*o = 623. What is the tens digit of f?
5
Let q(j) = -38*j**3 - j**2 - j. Let d(o) = o**2 + 5*o + 3. Let f be d(-1). Let g be q(f). Suppose 2*x - g - 366 = 0. What is the tens digit of x?
0
Suppose -15*p + 0*p = -2*p - 273286. What is the thousands digit of p?
1
Suppose 4*f + 94 = -5*m, -m = m + 2*f + 38. Let l(u) = 6 - 31*u - 92*u + 122*u. What is the tens digit of l(m)?
2
Suppose -4*g + 48 = 4*s, 8*g - 5*g + 13 = 4*s. Let d(v) = -2*v**3 + 20*v**2 + 7*v - 9. What is the hundreds digit of d(s)?
3
Let k(r) = 31*r**3 - 21*r**2 + 9*r - 87. What is the units digit of k(10)?
3
Let q = 67 + -62. Suppose -19*y + 18*y + 511 = q*o, -5*o = 4*y - 499. What is the tens digit of o?
0
What is the units digit of 9/(-15) + 97190/25?
7
Let x be (-1)/((-6)/(-8)) + (-48)/72. Let l be 17/x - ((-21)/6 - -3). Let n = l - -112. What is the units digit of n?
4
Let p = 42 + -37. Suppose -12 - 18 = p*a. Let w = a - -15. What is the units digit of w?
9
Let h(c) be the second derivative of -c**4/12 - 41*c**3/6 - 75*c**2/2 - 65*c - 1. What is the units digit of h(-34)?
3
Let n be (-6)/(-2) + (-11895)/(-10 + 23). Let d = n + 1899. What is the hundreds digit of d?
9
Let f(y) = -31*y**3 - 31*y**2 + 12*y + 15. Let q be f(-8). Suppose -q = -18*g + 2069. What is the hundreds digit of g?
8
Suppose 243958 = -31*l + 122*l + 52*l. What is the units digit of l?
6
Let r(b) = -b**3 + 2*b**2 - b + 2. Let c be r(0). What is the units digit of 275 - (6 - (2 + c))?
3
Suppose 839 + 2861 = 5*y. What is the tens digit of y*1 + 10 + -6?
4
Suppose 0 = -2*a + 11 - 1. Suppose -a*f = -2 - 13. Suppose f*t - 371 = -p - 0*p, 3*t + 4*p - 386 = 0. What is the units digit of t?
2
Let s = 14888 + -6849. What is the hundreds digit of s?
0
Suppose 3*d - 2*u - 21 - 35 = 0, -5*d = -5*u - 95. What is the tens digit of (-28096)/(-36) - 8/d?
8
Let v = -2 + -2. Let f(j) = -4*j + 20*j**2 + 22 + 13 - 32 - 5*j**2. What is the units digit of f(v)?
9
Suppose 65832 = 5*p - c, 46*p - 43*p = -2*c + 39520. What is the hundreds digit of p?
1
Let w be 10*(197 + -8 + 1 + 1). Suppose -28*v + 33*v = w. What is the hundreds digit of v?
3
What is the thousands digit of (-1)/(-3) + 519336/108 - 5?
4
Suppose 2208 + 1684 = -4*j. Let h be (24/10)/(j/245 - -4). Suppose 0 = -4*z + h + 324. What is the tens digit of z?
0
Let y(r) = 129*r**2 - 4*r + 1. Let s(u) = -257*u**2 + 9*u - 1. Let n(d) = 3*s(d) + 7*y(d). What is the hundreds digit of n(1)?
1
Let p(o) = -1624*o - 102. What is the tens digit of p(-6)?
4
Suppose -23*g = -34*g + 106260. Suppose -10*q = 2*q - g. What is the units digit of q?
5
Let b = 62 - 50. Let d(q) = 4*q - 37. Let 